 what is a7560c - -24?
a75633
In base 12, what is -338 + -14b3a3?
-14b71b
In base 10, what is -18 - 588351?
-588369
In base 7, what is 206 - 326013?
-325504
In base 16, what is -677b + -28e2?
-905d
In base 14, what is 1a + -32cb560?
-32cb544
In base 10, what is -79987 + -10223?
-90210
In base 16, what is 199f978 + 2?
199f97a
In base 12, what is -716 + 16bb?
ba5
In base 15, what is 2 + -2ebc6a?
-2ebc68
In base 5, what is 131042132 + -10142?
131031440
In base 2, what is -1101101000001101010 + -1101?
-1101101000001110111
In base 13, what is 24 - 94a16a?
-94a146
In base 14, what is 557429 - 2?
557427
In base 13, what is 12492 - 1207?
11288
In base 11, what is 483 - -721707?
72208a
In base 5, what is 1310123 + 1430?
1312103
In base 8, what is -1774055 + -34?
-1774111
In base 12, what is -91baa3 + -4?
-91baa7
In base 5, what is -113 + -2204012120?
-2204012233
In base 9, what is -110 + -516285?
-516405
In base 7, what is 3 - -15653364?
15653400
In base 6, what is 11213 - -225450?
241103
In base 11, what is -227592a - 4?
-2275933
In base 15, what is -1e9 - 107aa?
-109a4
In base 10, what is -1238075 + -8?
-1238083
In base 14, what is -3166cd + -2c?
-31671b
In base 6, what is 50423 + -1302?
45121
In base 6, what is -44441454 - 4?
-44441502
In base 7, what is 21 - -36301316?
36301340
In base 7, what is -4 + 14444644?
14444640
In base 3, what is 1 - 1121002221201122?
-1121002221201121
In base 13, what is -6982 + -103?
-6a85
In base 8, what is -322663702 + 0?
-322663702
In base 6, what is 4 + -120035521?
-120035513
In base 11, what is -1115 + -59355?
-5a46a
In base 14, what is 687b14 - -21?
687b35
In base 3, what is -102 - 1010110021211?
-1010110022020
In base 14, what is 5656a55 - -3?
5656a58
In base 7, what is -505 - -510156?
506351
In base 15, what is -2b + 216e?
2143
In base 9, what is 1120518 + 30?
1120548
In base 14, what is -a + ccab0?
ccaa4
In base 5, what is 11442211 - 144?
11442012
In base 12, what is 97b269 - -29?
97b296
In base 3, what is -1111 - 2201200211?
-2201202022
In base 11, what is 11 + -17a4a8?
-17a497
In base 9, what is -652141 + 874?
-651156
In base 16, what is 2 + -b43f4c?
-b43f4a
In base 2, what is -1010110 - 11100001100000001110110?
-11100001100000011001100
In base 6, what is 4 + -2141345203?
-2141345155
In base 8, what is 3 - 13252631?
-13252626
In base 9, what is 107114 - 621?
106383
In base 9, what is 317104 - -25?
317130
In base 5, what is -131 + -2424112314?
-2424113000
In base 6, what is 430 - -2432354?
2433224
In base 13, what is 26730 - 187?
26576
In base 7, what is 3 + -4221261?
-4221255
In base 12, what is 37ba928 - -3?
37ba92b
In base 16, what is -a287bb - 1?
-a287bc
In base 6, what is 20252514443 + -4?
20252514435
In base 16, what is 7c5c0e - -c?
7c5c1a
In base 6, what is 11514434 - -202?
11515040
In base 8, what is -2750261 + 337?
-2747722
In base 8, what is 11146535 + 5?
11146542
In base 9, what is 88245 + -1157?
87077
In base 6, what is -100222404003 + -3?
-100222404010
In base 2, what is -1011000001100010111101110 + 110?
-1011000001100010111101000
In base 5, what is 21013102010 + 314?
21013102324
In base 3, what is 120 + 101212000101?
101212000221
In base 12, what is 7 + -2559388?
-2559381
In base 4, what is -10332301231210 + -20?
-10332301231230
In base 16, what is 2a4618 + a?
2a4622
In base 15, what is -7 + 890e?
8907
In base 12, what is 52b91b - 26?
52b8b5
In base 14, what is -769a97 - 0?
-769a97
In base 11, what is -1136 + 56a2?
4567
In base 11, what is 2 + -a5383335?
-a5383333
In base 14, what is 1 - 13746b?
-13746a
In base 13, what is 4 - 105c9a?
-105c96
In base 10, what is -19016 - 993?
-20009
In base 13, what is 424 - -4860?
4c84
In base 15, what is 3e5 - d151?
-cc5b
In base 14, what is -8a96 - -1341?
-7755
In base 11, what is 20533118 + 0?
20533118
In base 14, what is -b96a42 - 1?
-b96a43
In base 16, what is 81bae2 + -8?
81bada
In base 4, what is 2133 + 3213100?
3221233
In base 8, what is -2354012 + 105?
-2353705
In base 10, what is -125 - 42299?
-42424
In base 13, what is 89959 - 56a?
893bc
In base 6, what is -1210 + 52455?
51245
In base 7, what is -36402404 + -12?
-36402416
In base 15, what is -4686 - -1cee?
-2887
In base 3, what is 20022122010212 + 11202?
20022122022121
In base 2, what is 1 - 1101101010001010111010?
-1101101010001010111001
In base 16, what is -1a1cf + -8?
-1a1d7
In base 5, what is 111 - -120300114?
120300230
In base 12, what is -24683 + 5854?
-1aa2b
In base 8, what is -134 + 20450?
20314
In base 14, what is 7857cc - -1?
7857cd
In base 14, what is -4c38 - 1567?
-63a1
In base 3, what is -12 + 10002010021120?
10002010021101
In base 8, what is -7414 + 5655?
-1537
In base 2, what is 1000 - -100001001101100111?
100001001101101111
In base 10, what is 5 - -66235524?
66235529
In base 13, what is -3b77517 + 3?
-3b77514
In base 15, what is -21 + -10eeb?
-1101c
In base 9, what is -105 - 100844?
-101050
In base 4, what is -13 + 102302212110?
102302212031
In base 2, what is -1111111 + -1100000011010010011?
-1100000011100010010
In base 10, what is -6 + -7426389?
-7426395
In base 5, what is 2333142012000 + 3?
2333142012003
In base 7, what is -2 - 100361504?
-100361506
In base 2, what is 101111010 + 111001001111?
111111001001
In base 12, what is 3 + 38a5a1?
38a5a4
In base 6, what is -14150044000 - -11?
-14150043545
In base 16, what is 17aa2f6 + 2?
17aa2f8
In base 6, what is -2314 + -22?
-2340
In base 8, what is 10244302 - 50?
10244232
In base 16, what is -1 + de54fc?
de54fb
In base 16, what is -4 + 3cc09?
3cc05
In base 4, what is 103330112 + -213?
103323233
In base 16, what is ce21 + 5b?
ce7c
In base 5, what is -120222 - 3032200?
-3202422
In base 4, what is 10230001 + -1332011?
2231330
In base 9, what is 27782602 - 6?
27782585
In base 13, what is 4294a5 + 55?
42952a
In base 3, what is -110022021100212 - 10?
-110022021100222
In base 8, what is -256731 + 4737?
-251772
In base 15, what is -8bc118 - 6?
-8bc11e
In base 14, what is 282 - -146ad5?
146d77
In base 2, what is -110000010001101001100010 - -101?
-110000010001101001011101
In base 9, what is -15 - -2605271?
2605255
In base 4, what is -200010 - 20111210?
-20311220
In base 10, what is -2659 - 32011?
-34670
In base 13, what is -75636856 - 4?
-7563685a
In base 10, what is -2059046 - -83?
-2058963
In base 7, what is 1111500 + 40?
1111540
In base 2, what is 110 - -111100011111010110000010?
111100011111010110001000
In base 15, what is -14 - -21c792?
21c77d
In base 15, what is -1644b53 - 3?
-1644b56
In base 13, what is -57c2 + -871?
-6363
In base 14, what is 11c861 + 1?
11c862
In base 13, what is -3 + -caabc?
-caac2
In base 16, what is cf47 - -e?
cf55
In base 3, what is -2 + -2222011221102?
-2222011221111
In base 14, what is -28c - 23300?
-2358c
In base 2, what is 10100010000010 - -101010010111?
11001100011001
In base 13, what is -60 + -3b6251?
-3b62b1
In base 6, what is 2034 + 155053?
201131
In base 15, what is -5bc4e6 + -4?
-5bc4ea
In base 5, what is -4332113 + 122?
-4331441
In base 9, what is -783 - -426825?
426032
In base 10, what is -75716413 + 4?
-75716409
In base 5, what is -114333221 + 31?
-114333140
In base 4, what is 221232302 - -1023011?
222321313
In base 11, what is 1 - 974a07?
-974a06
In base 6, what is 4 - -2032222253?
2032222301
In base 10, what is -53 + -283698?
-283751
In base 4, what is -233133 - -3131201?
2232002
In base 9, what is -48 - 226103?
-226152
In base 12, what is 397 - 4409b?
-43904
In base 7, what is -105 - -6512106?
6512001
In base 2, what is 1000 - 100111111111010010000?
-100111111111010001000
In base 7, what is 103551645 + 23?
103552001
In base 5, what is 110132223340 - -3?
110132223343
In base 15, what is -60bd0 - -4cc?
-60703
In base 5, what is -13320434124 + -3?
-13320434132
In base 5, what is 10 + 3334241400?
3334241410
In base 3, what is 12211000 + -212202121?
-122221121
In base 14, what is 5b0 + 17a8?
1d78
In base 9, what is -5 + -51701656?
-51701662
In base 15, what is -133 + -3a53?
-3b86
In base 10, what is -400 + 215634?
215234
In base 5, what is -1120321333 + -10?
-1120321343
In base 10, what is -1 + 59371413?
59371412
In base 2, what is -101000111111001110110010 + -101?
-101000111111001110110111
In base 15, what is -dd6b1 + -1?
-dd6b2
In base 5, what is -2002432 + 3214?
-1444213
In base 16, what is -b8 + 98b2?
